80365.
5, 16073
What are the prime factors of 9204?
2, 3, 13, 59
List the prime factors of 2851.
2851
What are the prime factors of 19436?
2, 43, 113
What are the prime factors of 28553?
7, 4079
List the prime factors of 15405.
3, 5, 13, 79
List the prime factors of 9324.
2, 3, 7, 37
What are the prime factors of 2607?
3, 11, 79
List the prime factors of 17958.
2, 3, 41, 73
List the prime factors of 88702.
2, 44351
What are the prime factors of 17617?
79, 223
List the prime factors of 18760.
2, 5, 7, 67
What are the prime factors of 5940?
2, 3, 5, 11
What are the prime factors of 60966?
2, 3, 1129
What are the prime factors of 689?
13, 53
What are the prime factors of 1388?
2, 347
List the prime factors of 28289.
28289
What are the prime factors of 3979?
23, 173
List the prime factors of 9042.
2, 3, 11, 137
List the prime factors of 9923.
9923
List the prime factors of 5998.
2, 2999
List the prime factors of 2141.
2141
What are the prime factors of 615?
3, 5, 41
What are the prime factors of 1539?
3, 19
List the prime factors of 8528.
2, 13, 41
List the prime factors of 1491.
3, 7, 71
What are the prime factors of 55100?
2, 5, 19, 29
What are the prime factors of 5141?
53, 97
What are the prime factors of 952?
2, 7, 17
What are the prime factors of 1661?
11, 151
List the prime factors of 1791.
3, 199
What are the prime factors of 116326?
2, 7, 1187
What are the prime factors of 19625?
5, 157
What are the prime factors of 122?
2, 61
List the prime factors of 10161.
3, 1129
List the prime factors of 40340.
2, 5, 2017
What are the prime factors of 4142?
2, 19, 109
List the prime factors of 6743.
11, 613
List the prime factors of 122714.
2, 61357
What are the prime factors of 10735?
5, 19, 113
What are the prime factors of 60924?
2, 3, 5077
What are the prime factors of 30197?
30197
List the prime factors of 117.
3, 13
List the prime factors of 428.
2, 107
What are the prime factors of 2025?
3, 5
List the prime factors of 19881.
3, 47
What are the prime factors of 12936?
2, 3, 7, 11
List the prime factors of 33694.
2, 17, 991
List the prime factors of 2325.
3, 5, 31
What are the prime factors of 4096?
2
List the prime factors of 1229.
1229
List the prime factors of 124.
2, 31
List the prime factors of 457.
457
What are the prime factors of 2139?
3, 23, 31
What are the prime factors of 31338?
2, 3, 1741
What are the prime factors of 5539?
29, 191
List the prime factors of 4691.
4691
List the prime factors of 12211.
12211
List the prime factors of 55556.
2, 17, 19, 43
What are the prime factors of 11365?
5, 2273
What are the prime factors of 21609?
3, 7
What are the prime factors of 65014?
2, 32507
List the prime factors of 744.
2, 3, 31
What are the prime factors of 1112?
2, 139
What are the prime factors of 5065?
5, 1013
What are the prime factors of 41578?
2, 20789
List the prime factors of 1404.
2, 3, 13
What are the prime factors of 3174?
2, 3, 23
List the prime factors of 71234.
2, 35617
List the prime factors of 3281.
17, 193
List the prime factors of 1013.
1013
What are the prime factors of 7084?
2, 7, 11, 23
What are the prime factors of 685?
5, 137
What are the prime factors of 26812?
2, 6703
List the prime factors of 9440.
2, 5, 59
What are the prime factors of 726?
2, 3, 11
List the prime factors of 145.
5, 29
What are the prime factors of 1373?
1373
What are the prime factors of 2293?
2293
List the prime factors of 2838.
2, 3, 11, 43
What are the prime factors of 2657?
2657
List the prime factors of 64.
2
What are the prime factors of 628?
2, 157
What are the prime factors of 555?
3, 5, 37
What are the prime factors of 1158?
2, 3, 193
List the prime factors of 13024.
2, 11, 37
List the prime factors of 4914.
2, 3, 7, 13
List the prime factors of 714.
2, 3, 7, 17
What are the prime factors of 24677?
24677
List the prime factors of 2009.
7, 41
List the prime factors of 2062.
2, 1031
What are the prime factors of 34216?
2, 7, 13, 47
List the prime factors of 45192.
2, 3, 7, 269
What are the prime factors of 74787?
3, 97, 257
List the prime factors of 2017.
2017
List the prime factors of 22677.
3, 7559
List the prime factors of 12906.
2, 3, 239
List the prime factors of 68234.
2, 109, 313
List the prime factors of 177.
3, 59
What are the prime factors of 182?
2, 7, 13
List the prime factors of 17312.
2, 541
What are the prime factors of 82939?
82939
What are the prime factors of 9860?
2, 5, 17, 29
List the prime factors of 10439.
11, 13, 73
What are the prime factors of 17643?
3, 5881
List the prime factors of 179679.
3, 101, 593
What are the prime factors of 1507?
11, 137
List the prime factors of 2586.
2, 3, 431
List the prime factors of 19903.
13, 1531
What are the prime factors of 100716?
2, 3, 7, 11, 109
List the prime factors of 6413.
11, 53
What are the prime factors of 13764?
2, 3, 31, 37
List the prime factors of 1395.
3, 5, 31
List the prime factors of 10522.
2, 5261
List the prime factors of 8870.
2, 5, 887
List the prime factors of 488.
2, 61
What are the prime factors of 32400?
2, 3, 5
List the prime factors of 8352.
2, 3, 29
List the prime factors of 948.
2, 3, 79
List the prime factors of 154154.
2, 7, 11, 13
What are the prime factors of 588?
2, 3, 7
List the prime factors of 944.
2, 59
What are the prime factors of 2485?
5, 7, 71
List the prime factors of 924.
2, 3, 7, 11
List the prime factors of 1977.
3, 659
What are the prime factors of 640?
2, 5
List the prime factors of 9934.
2, 4967
List the prime factors of 5667.
3, 1889
List the prime factors of 20113.
20113
List the prime factors of 1980.
2, 3, 5, 11
What are the prime factors of 5012?
2, 7, 179
What are the prime factors of 20223?
3, 7, 107
List the prime factors of 13369.
29, 461
What are the prime factors of 81670?
2, 5, 8167
What are the prime factors of 14730?
2, 3, 5, 491
What are the prime factors of 22414?
2, 7, 1601
What are the prime factors of 9239?
9239
List the prime factors of 1295.
5, 7, 37
List the prime factors of 102487.
7, 11
List the prime factors of 187.
11, 17
List the prime factors of 33779.
17, 1987
List the prime factors of 1370.
2, 5, 137
List the prime factors of 17655.
3, 5, 11, 107
List the prime factors of 97817.
29, 3373
List the prime factors of 331.
331
List the prime factors of 7375.
5, 59
List the prime factors of 28377.
3, 1051
What are the prime factors of 2105?
5, 421
What are the prime factors of 16697?
59, 283
List the prime factors of 1755.
3, 5, 13
List the prime factors of 745.
5, 149
List the prime factors of 58772.
2, 7, 2099
What are the prime factors of 42281?
42281
What are the prime factors of 725?
5, 29
List the prime factors of 865.
5, 173
List the prime factors of 59370.
2, 3, 5, 1979
List the prime factors of 58171.
58171
What are the prime factors of 32597?
37, 881
What are the prime factors of 1025?
5, 41
List the prime factors of 273.
3, 7, 13
What are the prime factors of 129299?
239, 541
List the prime factors of 2044.
2, 7, 73
What are the prime factors of 66911?
13, 5147
What are the prime factors of 4739?
7, 677
List the prime factors of 150385.
5, 19, 1583
What are the prime factors of 1224?
2, 3, 17
List the prime factors of 9690.
2, 3, 5, 17, 19
What are the prime factors of 8104?
2, 1013
List the prime factors of 12585.
3, 5, 839
List the prime factors of 33152.
2, 7, 37
What are the prime factors of 11682?
2, 3, 11, 59
What are the prime factors of 14771?
14771
What are the prime factors of 1506?
2, 3, 251
List the prime factors of 1959.
3, 653
List the prime factors of 82585.
5, 83, 199
What are the prime factors of 37515?
3, 5, 41, 61
List the prime factors of 274.
2, 137
What are the prime factors of 114140?
2, 5, 13, 439
List the prime factors of 29554.
2, 7, 2111
What are the prime factors of 3197?
23, 139
List the prime factors of 308.
2, 7, 11
What are the prime factors of 910?
2, 5, 7, 13
What are the prime factors of 8494?
2, 31, 137
List the prime factors of 3666.
2, 3, 13, 47
List the prime factors of 933.
3, 311
What are the prime factors of 33679?
33679
List the prime factors of 42027.
3, 14009
List the prime factors of 24328.
2, 3041
List the prime factors of 9135.
3, 5, 7, 29
List the prime factors of 908.
2, 227
What are the prime factors of 95771?
13, 53, 139
What are the prime 